*j - 18. What is the tens digit of v?
1
Let l(s) = -7*s + 6. Let r be l(-3). Suppose 24 = 3*c - r. Suppose 4*w + 116 = 4*n, c = n - 0*w + 2*w. What is the tens digit of n?
2
Let q be (-70)/(-28) - 23/(-2). What is the hundreds digit of (q/(-3))/(30/(-945))?
1
Let d = -56 + 67. Let l(w) = 2*w + 1. What is the tens digit of l(d)?
2
Let n be 3/(-6) + 5/2. Suppose 0*i + n*i = -28. What is the units digit of (-342)/i + 4/7?
5
Suppose -9974 = -5*x - 3*c, 0 = x - 11*c + 14*c - 2002. What is the units digit of x?
3
Let y(n) = -1537*n - 257. What is the units digit of y(-2)?
7
Let b = 92 + -83. Suppose -10*t = -b*t - 12. What is the tens digit of t?
1
Suppose -6*m = 5*a - 4*m - 39, -a + 3 = -2*m. Let q(i) = -i**2 + 12*i - 11. Let l be q(a). Let t = 7 + l. What is the units digit of t?
1
Suppose 0 = -6*q + 5*q + 335. What is the tens digit of q?
3
Let n = -89 + 68. Let h = n + 76. What is the tens digit of h?
5
Let r(h) = 29*h**2 + 6*h + 117. What is the tens digit of r(-6)?
2
Suppose 2*p - 160 = 2*r, 0 = -0*p + p + 5*r - 104. What is the tens digit of p?
8
Let o(q) = -6*q + 41. Let h be -6*((-15)/(-18) - (-2)/12). What is the units digit of o(h)?
7
Let n = 15 - -287. What is the units digit of n?
2
Let l be (-173)/(-7) + (-10)/(-35). Let g(d) = l*d - 4*d - 6 + 1. What is the units digit of g(2)?
7
Suppose 20 = -12*q + 17*q. Suppose 0 = -3*g - 3*n + n + 89, -16 = -q*n. What is the units digit of g?
7
Let t(x) be the third derivative of -x**6/120 + x**4/3 + 7*x**3/3 - 8*x**2. What is the units digit of t(-4)?
6
Let f(l) = -133*l + 426. What is the tens digit of f(-12)?
2
Let j(z) = 56*z**2 - 7*z + 15. What is the hundreds digit of j(4)?
8
What is the hundreds digit of -4*2/4 + (960 - 44)?
9
Suppose 13*i + 6*g - 7691 = 2*g, 0 = -g + 2. What is the hundreds digit of i?
5
Let p be 2/5*(-174 + 14). Let z = p + 112. What is the tens digit of z?
4
Let o(x) = -x**2 + 6*x. Let a be o(5). Suppose -4*l - 8 = 0, 3*l = -a*d - 1 - 0. What is the units digit of 3 + 0 - (-18 - d)?
2
Let k = 367 - -453. Suppose s + q - 158 = 0, 2*s - 7*s + k = -q. What is the units digit of s?
3
Suppose -5*x + 5*j = -4900, 4*j = 2*x - 7*x + 4855. What is the hundreds digit of x?
9
Let g(y) = -y**3 - y**2 - y - 2. Let w be g(0). What is the hundreds digit of w*3/4*2398/(-33)?
1
Suppose 3*x + 15 = 0, -2782 = 2*p - 5*x - 7139. What is the hundreds digit of p?
1
Let p = -39 + 14. Let i = 1 - p. What is the tens digit of i?
2
Let m = 25 + -29. What is the units digit of (1 - 0)*(33 + m)?
9
Suppose 19796 = -200*r + 207*r. What is the hundreds digit of r?
8
Let h be -2 - ((-20)/9 - (-4)/18). Suppose -4 = o + 4*w - 75, h = -5*o + w + 439. What is the units digit of o?
7
Let a be -87 + -5 + (4 - 0). Let z = a + 52. Let x = z - -85. What is the tens digit of x?
4
Let k(p) be the second derivative of 2/3*p**4 + 0 + 15/2*p**2 - 1/20*p**5 - 1/2*p**3 - 12*p. What is the tens digit of k(6)?
6
Let x(c) = 24*c**2 - 33*c - 207. What is the tens digit of x(-9)?
3
Suppose 5*x + 116 = -4*o - 0*o, -58 = 2*o + 4*x. Let w = o + 48. What is the tens digit of w?
1
Suppose 46*q = 44*q + 2370. What is the units digit of q?
5
Let w = -20 + 22. Suppose r - 9 = -w*r. Suppose k = r - 1. What is the units digit of k?
2
Suppose 6 = -m + 2*r, -12 = -3*m - 6*r + 2*r. Suppose m = z - 3*z + 394. What is the tens digit of z?
9
Suppose 5*n + 2*p = 11, 4*p = 3*n + 2*p - 13. Suppose 13 = c - 5*o, -c - n*o = -6*o - 9. What is the units digit of c?
3
Let n(b) = 2*b**2 - 16. Suppose p = -p - 16. What is the tens digit of n(p)?
1
Let u = 1661 - 866. What is the tens digit of u?
9
Let n = 5447 + -3645. What is the hundreds digit of n?
8
Let q(f) = 14*f**2 + 118*f + 4. What is the tens digit of q(-12)?
0
Let i = 368 + -203. What is the hundreds digit of i?
1
Suppose -2*o + 0*o + 2 = -2*v, 5*o = -2*v + 19. Let g = 10 + 8. Let b = g + o. What is the tens digit of b?
2
Let g(l) be the second derivative of 11*l**3/6 + 6*l**2 + 15*l. What is the units digit of g(5)?
7
Let q = 521 - 213. Suppose 21*u + q = 25*u. What is the units digit of u?
7
Let n(b) = b**3 - 6*b**2 + 6*b - 8. Suppose 4*k = -z + 21, -6*z + z = 4*k - 9. Let r be n(k). Let v = -11 + r. What is the tens digit of v?
1
Suppose 0*h + h - 47 = 0. Suppose -h - 37 = 4*b. Let p = 39 + b. What is the tens digit of p?
1
Suppose -4*j - 3*o = o - 6460, -o = -2*j + 3221. What is the hundreds digit of j?
6
Let d(i) = -i. Let y be d(-2). What is the tens digit of 2397/68 + y/(-8)?
3
Suppose 17*u - 7*u - 3720 = 0. What is the units digit of u?
2
Let d(q) = 13*q - 92. What is the tens digit of d(8)?
1
Let a be 2*(-4)/((-16)/(-174)). Let k = -60 - a. What is the tens digit of k?
2
Let y(d) = 40*d**2 - 1. Let a be y(-1). Suppose 3*p = a + 21. Suppose -i + 2*i = 4*n + 31, -4*n = p. What is the units digit of i?
1
Suppose 3*g + 4*o - 6354 = 0, -g + 1971 = 5*o - 136. What is the tens digit of g?
2
Let h = 16 + -19. Let p = h - -15. Suppose -g = -7 - p. What is the tens digit of g?
1
What is the thousands digit of ((-68916)/(-20))/((-3)/(-5))?
5
Suppose -2*x + 2*d + 1870 = 0, 0*x + 3*x = -3*d + 2775. What is the hundreds digit of x?
9
Suppose -2*h - 2 = -h. Let i(z) = 5*z**2 + 2*z + 1. Let r be i(h). Suppose 0 = b + u - r, -u + 33 = 4*b - 2*b. What is the tens digit of b?
1
Suppose -1811 - 341 = -2*n. Suppose 404 - n = -4*b. What is the hundreds digit of b?
1
Let a be (-2)/(-1 - (-117)/111). Suppose -3*u = -6 - 6. Let r = u - a. What is the units digit of r?
1
Let s(m) = 52*m**2 - m + 1. What is the units digit of s(1)?
2
Suppose 3*u - 6 = 0, 0*m + 5*u - 3345 = -5*m. Suppose -m = -5*k + 18. What is the hundreds digit of k?
1
What is the thousands digit of (-1084824)/(-608) + (-3)/(-4)?
1
Suppose 3452 + 3009 = 7*w. What is the tens digit of w?
2
What is the tens digit of -1 + (-824)/(-2) - (-144)/(-48)?
0
Let c(p) be the third derivative of p**5/10 + 5*p**4/24 - p**3/6 + 17*p**2. What is the hundreds digit of c(-5)?
1
Let t(z) = 2*z**2 + 13*z + 19. Let n be 6/2*40/(-15). What is the tens digit of t(n)?
4
Let x be 2 + -2 - 12 - 0. Let o = -10 - x. Suppose 6*t - 12 = o*t. What is the units digit of t?
3
Suppose -3*p + 2*p - 2*r = -2, -p - 5*r + 5 = 0. Suppose -5*n + 3*s + 347 + 284 = 0, p = 4*n + s - 498. What is the hundreds digit of n?
1
Suppose -2*p - 45 = -u, 2*u + 3*p + 239 = 7*u. What is the units digit of u?
9
Suppose -5*a + 3*b = -6680, -5*a - 3*b + 261 = -6449. What is the units digit of a?
9
Suppose 0 = -5*p - 4*y - 102 + 1695, p - 3*y = 330. What is the units digit of p?
1
Let f(w) = -w**2 + 8*w + 4. Let b be f(6). Let l = 9 + b. What is the units digit of l?
5
Suppose 47*h = 33*h + 36652. What is the units digit of h?
8
Let r(d) = d - 15. Let n be r(12). Let k = -3 - n. What is the units digit of 0/(k - -1) + 16?
6
Let k = 16 - 14. Suppose -w + 2*w + k = 0, 2*h = -4*w - 6. What is the units digit of h?
1
Let o(z) = 458*z**2 - 8*z + 5. What is the thousands digit of o(-2)?
1
Let l = -32 - -52. Suppose -l*x + 16*x + 80 = 0. Suppose 0 = -2*w + x + 14. What is the tens digit of w?
1
Let j = -644 + 983. Let d = j - 186. What is the tens digit of d?
5
Let x(a) = 14*a - 8. Let b be x(2). Suppose 16*c - b = 15*c. What is the tens digit of c?
2
Let i(s) = -s**3 - 16*s**2 + 10*s - 18. Let m(a) = a**3 + 15*a**2 - 9*a + 17. Let r(j) = 3*i(j) + 4*m(j). What is the units digit of r(-12)?
6
Suppose 6*v - 460 = 2*v + 2*o, 4*v + 5*o - 460 = 0. Suppose 2*y = 5*z + 105, y = -2*y - z + v. What is the tens digit of y?
4
Let i be 45 + (-3 - -4) + -3. Let q = -16 + i. Let u = q + -5. What is the tens digit of u?
2
Suppose 0 = 16*s - 11*s. Suppose -a - 347 = -3*a - g, s = 3*a + 4*g - 533. What is the tens digit of a?
7
Suppose -3223 = -7*v + 4589. What is the tens digit of v?
1
Suppose 5*r - 3*d + 32 = -23, 4*r + 2*d + 22 = 0. What is the tens digit of 1/((8/(-93))/r)?
9
Let w be (-330)/(-35) + (-8)/(-14). Let n be -4*(2 + -1) + -1. Let p = w + n. What is the units digit of p?
5
Let x = 67 - -66. What is the hundreds digit of x?
1
Suppose -5643 - 2049 = 6*g. What is the units digit of g/(-18) - ((-8)/(-18))/2?
1
Let k = 120 + 165. What is the hundreds digit of k?
2
Suppose -4*x - 2*j - 6 = -30, -4*x + 2*j = -16. Suppose 2 + 7 = -3*w, x*f = -2*w + 764. What is the hundreds digit of f?
1
Let y be (-4 - (-2)